{"id":138,"date":"2025-04-01T22:11:00","date_gmt":"2025-04-01T20:11:00","guid":{"rendered":"https:\/\/sainteanne-annoeullin.fr\/wordpress\/?page_id=138"},"modified":"2025-07-18T08:50:15","modified_gmt":"2025-07-18T06:50:15","slug":"l-apel","status":"publish","type":"page","link":"https:\/\/sainteanne-annoeullin.fr\/index.php\/l-apel\/","title":{"rendered":"L&rsquo;APEL"},"content":{"rendered":"\n<p>L&rsquo;<strong>APEL<\/strong> (<strong>Association des Parents d&rsquo;\u00c9l\u00e8ves de l&rsquo;Enseignement Libre<\/strong>) est l&rsquo;association qui repr\u00e9sente les parents d&rsquo;\u00e9l\u00e8ves dans les \u00e9tablissements catholiques.<\/p>\n\n\n\n<h3 class=\"wp-block-heading\"><strong>R\u00f4les de l\u2019APEL<\/strong> :<\/h3>\n\n\n\n<ol class=\"wp-block-list\">\n<li><strong>Repr\u00e9sentation des parents<\/strong><\/li>\n<\/ol>\n\n\n\n<p>Dialogue avec la direction de l\u2019\u00e9cole et l&rsquo;OGEC pour d\u00e9fendre les int\u00e9r\u00eats des familles en participant aux conseils d\u2019\u00e9tablissement et aux conseils d\u2019administration.<\/p>\n\n\n\n<p>2. <strong>Animation et vie de l\u2019\u00e9tablissement<\/strong><\/p>\n\n\n\n<p>Organisation d\u2019\u00e9v\u00e9nements (kermesses, f\u00eates, ventes de g\u00e2teaux\u2026) pour financer des projets scolaires.<\/p>\n\n\n\n<p>3. <strong>Aide aux familles<\/strong><\/p>\n\n\n\n<p>Information sur la scolarit\u00e9, l\u2019orientation et les dispositifs d\u2019aide.<\/p>\n\n\n\n<p>4. <strong>Accompagnement des \u00e9l\u00e8ves<\/strong><\/p>\n\n\n\n<p>Contribution \u00e0 des projets p\u00e9dagogiques et culturels et participation \u00e0 des actions de solidarit\u00e9 et d\u2019entraide.<\/p>\n\n\n\n<h3 class=\"wp-block-heading\"><strong>Composition<\/strong><\/h3>\n\n\n\n<p>L\u2019APEL est une association compos\u00e9e de parents b\u00e9n\u00e9voles. Elle fonctionne gr\u00e2ce aux cotisations des adh\u00e9rents et aux fonds r\u00e9colt\u00e9s lors des \u00e9v\u00e9nements organis\u00e9s.<\/p>\n\n\n\n<p>L\u2019APEL joue donc un r\u00f4le cl\u00e9 dans la vie scolaire en favorisant un lien entre les familles, les enseignants et la direction de l\u2019\u00e9tablissement.<\/p>\n\n\n\n<h3 class=\"wp-block-heading\">Communication<\/h3>\n\n\n\n<p class=\"has-text-align-center\">Retrouvez les actualit\u00e9s de l&rsquo;\u00e9cole et de l&rsquo;APEL sur la page facebook d\u00e9di\u00e9e ici :<\/p>\n\n\n\n<div class=\"wp-block-buttons is-content-justification-center is-layout-flex wp-container-core-buttons-is-layout-a89b3969 wp-block-buttons-is-layout-flex\">\n<div class=\"wp-block-button\"><a class=\"wp-block-button__link has-text-align-center wp-element-button\" href=\"https:\/\/www.facebook.com\/groups\/149327205672049\/\">Page Facebook de l&rsquo;APEL<\/a><\/div>\n<\/div>\n\n\n\n<p><\/p>\n","protected":false},"excerpt":{"rendered":"<p>L&rsquo;APEL (Association des Parents d&rsquo;\u00c9l\u00e8ves de l&rsquo;Enseignement Libre) est l&rsquo;association qui repr\u00e9sente les parents d&rsquo;\u00e9l\u00e8ves dans les \u00e9tablissements catholiques. R\u00f4les de l\u2019APEL : Dialogue avec la direction de l\u2019\u00e9cole et l&rsquo;OGEC pour d\u00e9fendre les int\u00e9r\u00eats des familles en participant aux conseils d\u2019\u00e9tablissement et aux conseils d\u2019administration. 2. Animation et vie de l\u2019\u00e9tablissement Organisation d\u2019\u00e9v\u00e9nements (kermesses, [&hellip;]<\/p>\n","protected":false},"author":1,"featured_media":0,"parent":0,"menu_order":0,"comment_status":"closed","ping_status":"closed","template":"","meta":{"footnotes":""},"class_list":["post-138","page","type-page","status-publish","hentry"],"_links":{"self":[{"href":"https:\/\/sainteanne-annoeullin.fr\/index.php\/wp-json\/wp\/v2\/pages\/138","targetHints":{"allow":["GET"]}}],"collection":[{"href":"https:\/\/sainteanne-annoeullin.fr\/index.php\/wp-json\/wp\/v2\/pages"}],"about":[{"href":"https:\/\/sainteanne-annoeullin.fr\/index.php\/wp-json\/wp\/v2\/types\/page"}],"author":[{"embeddable":true,"href":"https:\/\/sainteanne-annoeullin.fr\/index.php\/wp-json\/wp\/v2\/users\/1"}],"replies":[{"embeddable":true,"href":"https:\/\/sainteanne-annoeullin.fr\/index.php\/wp-json\/wp\/v2\/comments?post=138"}],"version-history":[{"count":4,"href":"https:\/\/sainteanne-annoeullin.fr\/index.php\/wp-json\/wp\/v2\/pages\/138\/revisions"}],"predecessor-version":[{"id":218,"href":"https:\/\/sainteanne-annoeullin.fr\/index.php\/wp-json\/wp\/v2\/pages\/138\/revisions\/218"}],"wp:attachment":[{"href":"https:\/\/sainteanne-annoeullin.fr\/index.php\/wp-json\/wp\/v2\/media?parent=138"}],"curies":[{"name":"wp","href":"https:\/\/api.w.org\/{rel}","templated":true}]}}