{"id":7,"date":"2024-04-30T21:27:20","date_gmt":"2024-04-30T19:27:20","guid":{"rendered":"http:\/\/localhost\/?page_id=2"},"modified":"2025-04-04T20:53:03","modified_gmt":"2025-04-04T18:53:03","slug":"presentation","status":"publish","type":"page","link":"https:\/\/sainteanne-annoeullin.fr\/index.php\/presentation\/","title":{"rendered":"Pr\u00e9sentation"},"content":{"rendered":"\n<p>L&rsquo;\u00e9cole Sainte Anne est &nbsp;un \u00e9tablissement catholique d&rsquo;enseignement en contrat d&rsquo;association avec l&rsquo;\u00e9tat ouvert \u00e0 TOUS !<\/p>\n\n\n\n<p><\/p>\n\n\n\n<div class=\"wp-block-columns is-layout-flex wp-container-core-columns-is-layout-28f84493 wp-block-columns-is-layout-flex\">\n<div class=\"wp-block-column is-layout-flow wp-block-column-is-layout-flow\" style=\"flex-basis:50%\">\n<div class=\"wp-block-group is-nowrap is-layout-flex wp-container-core-group-is-layout-6c531013 wp-block-group-is-layout-flex\">\n<figure class=\"wp-block-image size-large is-resized wp-container-content-9cfa9a5a\"><img loading=\"lazy\" decoding=\"async\" width=\"1024\" height=\"681\" src=\"http:\/\/sainteanne-annoeullin.fr\/wordpress\/wp-content\/uploads\/2025\/03\/virtual-classroom-study-space-1-1-1024x681.jpg\" alt=\"\" class=\"wp-image-100\" style=\"width:531px;height:auto\" srcset=\"https:\/\/sainteanne-annoeullin.fr\/wp-content\/uploads\/2025\/03\/virtual-classroom-study-space-1-1-1024x681.jpg 1024w, https:\/\/sainteanne-annoeullin.fr\/wp-content\/uploads\/2025\/03\/virtual-classroom-study-space-1-1-300x200.jpg 300w, https:\/\/sainteanne-annoeullin.fr\/wp-content\/uploads\/2025\/03\/virtual-classroom-study-space-1-1-768x511.jpg 768w, https:\/\/sainteanne-annoeullin.fr\/wp-content\/uploads\/2025\/03\/virtual-classroom-study-space-1-1-1536x1022.jpg 1536w, https:\/\/sainteanne-annoeullin.fr\/wp-content\/uploads\/2025\/03\/virtual-classroom-study-space-1-1.jpg 1900w\" sizes=\"auto, (max-width: 1024px) 100vw, 1024px\" \/><\/figure>\n\n\n\n<p><\/p>\n<\/div>\n<\/div>\n\n\n\n<div class=\"wp-block-column is-layout-flow wp-block-column-is-layout-flow\" style=\"flex-basis:50%\">\n<p>Nous suivons les m\u00eames programmes que les autres \u00e9coles avec un projet \u00e9ducatif r\u00e9f\u00e9renc\u00e9 \u00e0 l&rsquo;\u00e9vangile.&nbsp;La plupart de ces \u00e9tablissements ont \u00e9t\u00e9 fond\u00e9s il y a longtemps par des paroisses, des communaut\u00e9s religieuses, des industriels, des associations de familles qui avaient le d\u00e9sir de proposer aux jeunes g\u00e9n\u00e9rations une \u00e9ducation marqu\u00e9e par la foi chr\u00e9tienne.<br><br>Les temps ont chang\u00e9, mais l&rsquo;esprit des fondateurs demeure toujours. Chacun de nos \u00e9tablissements catholiques d&rsquo;enseignement a son projet particulier, mais tous le r\u00e9f\u00e9rent \u00e0 l&rsquo;\u00e9vangile : c&rsquo;est notre source !<\/p>\n<\/div>\n<\/div>\n\n\n\n<div class=\"wp-block-columns is-layout-flex wp-container-core-columns-is-layout-28f84493 wp-block-columns-is-layout-flex\">\n<div class=\"wp-block-column is-layout-flow wp-block-column-is-layout-flow\">\n<p>Cela ne veut cependant pas dire que nos \u00e9tablissements sont r\u00e9serv\u00e9s \u00e0 ceux qui partagent la foi chr\u00e9tienne ! Les jeunes que nous accueillons refl\u00e8tent bien la diversit\u00e9 de notre soci\u00e9t\u00e9 : leurs origines sociales, culturelles et religieuses sont multiples. Les adultes qui composent nos communaut\u00e9s \u00e9ducatives ne se ressemblent pas davantage, et c&rsquo;est heureux ! L&rsquo;Ecole Catholique est une \u00e9cole pour tous. Nous y tenons beaucoup et nous mettons tout en \u0153uvre pour que chaque famille ait la libert\u00e9 de choisir l&rsquo;\u00e9ducation qu&rsquo;elle souhaite pour ses enfants. Notre association avec l&rsquo;Etat y contribue.<br><br>L&rsquo;Ecole Catholique est bien ouverte \u00e0 tous, mais chacun doit bien savoir et respecter le fait que la vie que nous cherchons \u00e0 d\u00e9ployer dans nos \u00e9tablissements est marqu\u00e9e par l&rsquo;\u00e9vangile. Nous sommes toujours \u00ab en chemin \u00bb : l&rsquo;Ecole catholique se construit chaque jour par l&rsquo;engagement de chacun.<\/p>\n<\/div>\n\n\n\n<div class=\"wp-block-column is-layout-flow wp-block-column-is-layout-flow\">\n<figure class=\"wp-block-image size-large is-resized wp-container-content-9cfa9a5a\"><img loading=\"lazy\" decoding=\"async\" width=\"1024\" height=\"683\" src=\"http:\/\/sainteanne-annoeullin.fr\/wordpress\/wp-content\/uploads\/2025\/03\/boy-girl-one-desk-1-1-1024x683.jpg\" alt=\"\" class=\"wp-image-101\" style=\"width:611px;height:auto\" srcset=\"https:\/\/sainteanne-annoeullin.fr\/wp-content\/uploads\/2025\/03\/boy-girl-one-desk-1-1-1024x683.jpg 1024w, https:\/\/sainteanne-annoeullin.fr\/wp-content\/uploads\/2025\/03\/boy-girl-one-desk-1-1-300x200.jpg 300w, https:\/\/sainteanne-annoeullin.fr\/wp-content\/uploads\/2025\/03\/boy-girl-one-desk-1-1-768x513.jpg 768w, https:\/\/sainteanne-annoeullin.fr\/wp-content\/uploads\/2025\/03\/boy-girl-one-desk-1-1-1536x1025.jpg 1536w, https:\/\/sainteanne-annoeullin.fr\/wp-content\/uploads\/2025\/03\/boy-girl-one-desk-1-1.jpg 1900w\" sizes=\"auto, (max-width: 1024px) 100vw, 1024px\" \/><\/figure>\n<\/div>\n<\/div>\n","protected":false},"excerpt":{"rendered":"<p>L&rsquo;\u00e9cole Sainte Anne est &nbsp;un \u00e9tablissement catholique d&rsquo;enseignement en contrat d&rsquo;association avec l&rsquo;\u00e9tat ouvert \u00e0 TOUS ! Nous suivons les m\u00eames programmes que les autres \u00e9coles avec un projet \u00e9ducatif r\u00e9f\u00e9renc\u00e9 \u00e0 l&rsquo;\u00e9vangile.&nbsp;La plupart de ces \u00e9tablissements ont \u00e9t\u00e9 fond\u00e9s il y a longtemps par des paroisses, des communaut\u00e9s religieuses, des industriels, des associations de [&hellip;]<\/p>\n","protected":false},"author":1,"featured_media":0,"parent":0,"menu_order":0,"comment_status":"closed","ping_status":"open","template":"","meta":{"footnotes":""},"class_list":["post-7","page","type-page","status-publish","hentry"],"_links":{"self":[{"href":"https:\/\/sainteanne-annoeullin.fr\/index.php\/wp-json\/wp\/v2\/pages\/7","targetHints":{"allow":["GET"]}}],"collection":[{"href":"https:\/\/sainteanne-annoeullin.fr\/index.php\/wp-json\/wp\/v2\/pages"}],"about":[{"href":"https:\/\/sainteanne-annoeullin.fr\/index.php\/wp-json\/wp\/v2\/types\/page"}],"author":[{"embeddable":true,"href":"https:\/\/sainteanne-annoeullin.fr\/index.php\/wp-json\/wp\/v2\/users\/1"}],"replies":[{"embeddable":true,"href":"https:\/\/sainteanne-annoeullin.fr\/index.php\/wp-json\/wp\/v2\/comments?post=7"}],"version-history":[{"count":2,"href":"https:\/\/sainteanne-annoeullin.fr\/index.php\/wp-json\/wp\/v2\/pages\/7\/revisions"}],"predecessor-version":[{"id":172,"href":"https:\/\/sainteanne-annoeullin.fr\/index.php\/wp-json\/wp\/v2\/pages\/7\/revisions\/172"}],"wp:attachment":[{"href":"https:\/\/sainteanne-annoeullin.fr\/index.php\/wp-json\/wp\/v2\/media?parent=7"}],"curies":[{"name":"wp","href":"https:\/\/api.w.org\/{rel}","templated":true}]}}